e 9
-1222155
-1100110110100000111 (base 2) to base 10
-421127
Convert 5226a6 (base 16) to base 8.
24423246
-109096d (base 14) to base 4
-132003020111
-230300440 (base 5) to base 8
-3722140
Convert -7905802 (base 11) to base 7.
-225535236
112101100220 (base 3) to base 10
283119
-11010111101000001101 (base 2) to base 8
-3275015
40433 (base 8) to base 5
1013132
-30044112 (base 5) to base 13
-840a1
3295f (base 16) to base 8
624537
Convert 14312035 (base 7) to base 5.
321111143
Convert -526434 (base 8) to base 12.
-855b8
-102101112112110 (base 3) to base 9
-12345473
1807a (base 15) to base 8
227654
What is -1111000011100010 (base 2) in base 9?
-103527
What is -20020001222122 (base 3) in base 4?
-30213222200
e797 (base 15) to base 13
19399
-13fb8 (base 16) to base 11
-56548
Convert -1530bb (base 13) to base 15.
-a44cd
What is -948284 (base 12) in base 2?
-1000111010011110000100
Convert 1bc7c04 (base 13) to base 8.
43273607
What is 37b041 (base 12) in base 14?
199c65
Convert -19791 (base 12) to base 14.
-d8bb
What is 143505 (base 7) in base 11?
19893
What is -72368 (base 15) in base 10?
-361898
Convert b287c (base 13) to base 12.
135244
Convert 25154233 (base 7) to base 4.
20221020211
Convert -561775 (base 11) to base 8.
-3324601
Convert -13c219 (base 15) to base 12.
-39b080
-44334b (base 13) to base 15
-21b052
323400 (base 5) to base 13
508b
8c809 (base 13) to base 6
5254101
Convert 2341300401 (base 5) to base 4.
110222030232
5314040 (base 7) to base 15
ca562
What is -1203300101 (base 4) in base 5?
-101033333
Convert 47349c (base 15) to base 16.
33ed27
Convert 165958a (base 11) to base 13.
77b37b
What is 52c5c8 (base 14) in base 12?
b30484
-257893 (base 14) to base 9
-2373604
-1acba (base 15) to base 11
-5a609
What is 2022130 (base 4) in base 16?
229c
What is -21222022122 (base 3) in base 11?
-a7a29
Convert 3a0581 (base 12) to base 7.
11054206
Convert -101101100110100 (base 2) to base 10.
-23348
4224373 (base 8) to base 14
213bab
What is 7faf53 (base 16) in base 5?
4120233310
What is -2a9bfe (base 16) in base 14?
-529926
Convert 20112221022 (base 3) to base 2.
11111011111011011
What is -24215353 (base 6) in base 15?
-101810
What is 673080 (base 9) in base 8?
1422060
Convert 113202201023 (base 4) to base 3.
102121111121102
Convert -133215 (base 7) to base 13.
-b5a7
Convert -102604521 (base 8) to base 7.
-301515600
Convert -100110101000110110011 (base 2) to base 4.
-10311012303
What is 1781c (base 15) in base 3?
10212100200
What is 1076887 (base 10) in base 11?
676099
What is 110022202010 (base 3) in base 9?
408663
What is 1433034114 (base 5) in base 8?
16374364
What is -111100011100101001 (base 2) in base 15?
-4d563
204cd (base 15) to base 6
2105451
1421104041 (base 5) to base 15
4cda16
What is -1001002211010222 (base 3) in base 16?
-e3e733
Convert 3558582 (base 9) to base 15.
2816de
Convert -247cd0 (base 14) to base 2.
-100110001011011101110
What is -3601451 (base 8) in base 9?
-1758525
Convert 4262356 (base 9) to base 2.
1000101101110110110100
Convert 2865757 (base 9) to base 12.
641874
108608 (base 15) to base 8
3002425
Convert 1150133 (base 6) to base 2.
1110111000101001
a4136 (base 14) to base 16
60874
Convert 133414442 (base 5) to base 13.
1b00c2
5d0020 (base 14) to base 3
12222222212200
-6d93e (base 16) to base 8
-1554476
-57916 (base 10) to base 7
-330565
Convert -358032 (base 9) to base 4.
-310230011
-14507257 (base 8) to base 2
-1100101000111010101111
What is -2010313 (base 7) in base 10?
-237856
Convert 5af17 (base 16) to base 8.
1327427
-1360425 (base 9) to base 8
-2665415
What is 1431455 (base 6) in base 7?
461123
What is -122222110211 (base 3) in base 2?
-1010110011001110111
-393847 (base 10) to base 2
-1100000001001110111
Convert 7369 (base 10) to base 3.
101002221
What is 6a4561 (base 11) in base 16?
1111f8
Convert -12036 (base 13) to base 16.
-80e8
What is 1766787 (base 10) in base 16?
1af583
-12609d (base 16) to base 13
-332269
What is 1012b9a (base 13) in base 5?
2221034000
What is -41433042 (base 5) in base 2?
-1010011101101110001
-12112121010 (base 4) to base 3
-10010120101010
Convert -2724120 (base 8) to base 2.
-10111010100001010000
1622051 (base 7) to base 6
4445035
What is -110100110100000110 (base 2) in base 8?
-646406
What is 1231545 (base 7) in base 8?
466557
-b03a68 (base 12) to base 15
-392edb
-211200102012 (base 3) to base 6
-13322522
c95055 (base 15) to base 3
200000222020222
What is -20233410 (base 5) in base 16?
-283f7
What is -242022 (base 5) in base 9?
-13323
1302211 (base 10) to base 11
80a409
Convert 101000000110101011010011 (base 2) to base 10.
10513107
-3113424141 (base 5) to base 7
-105210454
-751420 (base 12) to base 16
-1c3218
What is -1034b (base 16) in base 4?
-100031023
Convert -af7e6 (base 16) to base 9.
-1315031
What is -245551 (base 8) in base 11?
-58819
-201000110 (base 3) to base 14
-50a3
-213301013202 (base 4) to base 2
-100111110001000111100010
What is 2682b (base 12) in base 3?
2200201222
Convert -25699 (base 11) to base 5.
-2134041
What is 51005a (base 12) in base 14?
24cdca
Convert 41515407 (base 8) to base 7.
134660456
What is 236a47 (base 13) in base 14?
17d408
133025 (base 7) to base 8
60742
-991c (base 14) to base 13
-c095
Convert 211422 (base 6) to base 11.
11a37
54456342 (base 7) to base 9
8706653
8a19a5 (base 12) to base 15
2d72e5
What is 323201 (base 6) in base 7?
140446
10136 (base 9) to base 7
25314
Convert 1311044 (base 5) to base 9.
38317
138acc5 (base 14) to base 5
4411332201
What is -115566120 (base 7) in base 6?
-415550303
Convert 343a9b (base 12) to base 13.
2337aa
-126045 (base 9) to base 12
-383a2
What is 817f (base 16) in base 11?
229a8
Convert -15aa9a (base 11) to base 14.
-669b7
What is c1a31 (base 14) in base 10?
465739
-4646042 (base 8) to base 15
-19eab9
Convert 4024024 (base 8) to base 12.
430904
What is 3010130201 (base 4) in base 9?
1455675
-359366 (base 13) to base 15
-1a35b8
What is 205535 (base 9) in base 3?
20012121012
Convert -1513033152 (base 6) to base 11.
-a73a077
Convert 1112021202201 (base 3) to base 6.
25230201
808646 (base 13) to base 9
5555112
What is 430332 (base 5) in base 11?
a962
What is 501d27 (base 16) in base 15?
6da9cd
Convert -201123313 (base 4) to base 16.
-216f7
Convert 1213020231 (base 4) to base 15.
85280
What is -17767c6 (base 14) in base 3?
-210210101110022
843b89 (base 13) to base 14
5a7355
What is 34566 (base 8) in base 12?
861a
What is -a8880 (base 12) in base 16?
-364e0
Convert -3032312202 (base 4) to base 8.
-3166642
What is 12426b6 (base 12) in base 10?
3571050
23281 (base 11) to base 3
1201002200
Convert 2712144 (base 9) to base 12.
5b7011
-3305331 (base 6) to base 16
-28297
-22321131031 (base 4) to base 14
-54515b
What is 223221442 (base 5) in base 3?
1212101221021
-6839 (base 11) to base 2
-10001100100100
-25153555 (base 6) to base 10
-808271
Convert 4782312 (base 9) to base 14.
4b7123
What is -12585c0 (base 15) in base 8?
-62243225
Convert 111831 (base 13) to base 12.
175583
What is 165861 (base 10) in base 2?
101000011111100101
Convert -34c39 (base 14) to base 11.
-88704
What is 319261 (base 10) in base 5?
40204021
-10037 (base 10) to base 5
-310122
What is 110101000011100 (base 2) in base 3?
1101021002
Convert 12020201001010 (base 3) to base 2.
1010101000111101000000
-1117715 (base 8) to base 16
-49fcd
245335 (base 6) to base 9
33085
Convert 243764 (base 8) to base 12.
40704
What is -32235205 (base 6) in base 7?
-11051342
Convert 10ce1 (base 16) to base 5.
4200313
Convert 21530 (base 6) to base 2.
101110111110
12568773 (base 10) to base 4
233330203011
4140433 (base 7) to base 10
497227
252545 (base 8) to base 11
5a732
Convert 21d021 (base 16) to base 2.
1000011101000000100001
What is 4421612 (base 7) in base 4?
2010220220
-1101256 (base 7) to base 2
-100000111100011010
49ee0 (base 15) to base 3
110000001110
Convert 32233 (base 6) to base 9.
6043
What is 1023221230 (base 4) in base 12?
12b3a4
What is -564787 (base 13) in base 9?
-3745437
Convert -b3a14 (base 12) to base 5.
-30002421
Convert 1111000110101111001100 (base 2) to base 3.
21110011202122
What is -101100001000011000111 (base 2) in base 11?
-8a8515
Convert -11510544 (base 6) to base 8.
-1314600
What is -809a80 (base 11) in base 10?
-1301685
Convert 22220122010 (base 3